f g?
7
Let o be 3/6*1*4. Suppose 0 = -k - 16 + o. What is the tens digit of (-326)/(-14) - (-4)/k?
2
Let c = -11 + 13. Suppose -2*m + m - 3 = 0, -z + 26 = c*m. Suppose -3*l = 4*v - 149, 0*l + l + z = v. What is the tens digit of v?
3
Let k(u) = 16*u + 36. Let o be k(16). Suppose 4*d = 5*v + 374, -o = -3*d + 4*v - 11. What is the tens digit of d?
9
What is the thousands digit of (-98)/(-14) - (-1031 - 1)?
1
Let u be 0/7 - (0 - 0). Suppose 4*z + u = -4, -2*z = -p + 23. What is the units digit of p?
1
What is the units digit of (-9)/12 - ((-5243)/4 + 3)?
7
Let o(k) = 6*k**2 - 150*k + 7. What is the tens digit of o(-9)?
4
Let h = -69 - -140. Suppose -97 = -4*q + h. What is the tens digit of q?
4
Suppose 2104 = 21*h - 27380. What is the hundreds digit of h?
4
Suppose 5 = -y, -p + 2*y - 2 = y. Let d(f) = -f - 5. Let s be d(p). Suppose s*z - 4*z = -62. What is the tens digit of z?
3
Suppose 0 = -10*u + 4*u + 468. Suppose c = -c + u. What is the tens digit of c?
3
Let j(x) = 2*x. Let t be j(-1). Let v be (-12)/(-4) - 1*t. Suppose -y = v*c - 33, 33 = 2*y + 2*c - 1. What is the units digit of y?
3
Let v = 2713 - -266. What is the hundreds digit of v?
9
Suppose 7*d - 8*d = -3, -4*t - 3*d = -4177. What is the units digit of t?
2
Let q be 2 + -2 + -2 + 1. Let k be (-1)/(q*(-4)/(-92)). Let i = -22 + k. What is the units digit of i?
1
What is the units digit of (-3)/1 - (7 - -1 - 779)?
8
Suppose 326 = 5*k - 4*a, -2*a = -2*k - 0*k + 130. Suppose -11*g = -0*g - k. What is the units digit of g?
6
Let m(b) = 7*b + 1. Let i(j) = 7*j + 1. Let d(x) = -5*i(x) + 6*m(x). Let a be -2 + 10 + (-3 - -3). What is the units digit of d(a)?
7
Suppose -50 = -2*d - 3*d. Let p(m) = -2*m + 24. Let z be p(d). Suppose z*s - 36 = 2*s. What is the units digit of s?
8
Suppose 12 = 3*a, q + 0*q - 88 = 3*a. Let j = q + -92. What is the units digit of j?
8
Let s(l) = 103*l**2 + 24*l - 206. What is the tens digit of s(7)?
0
Let s(c) be the first derivative of -c**2/2 + 3*c + 6. Let m be s(-2). What is the tens digit of (2/m)/(5/150)?
1
Let a be 4092/54 + 2/9. Let n = a + -60. What is the tens digit of n?
1
Suppose 89 = 5*f - 21. Suppose 2*m = -2*t + 86, -m = 3*t - 161 + f. What is the units digit of t?
8
Let l(h) = h**2 - 2*h. Let b be l(9). Let p = -25 + b. What is the tens digit of p?
3
Suppose -44 = -2*r - t, 2*r = -r - 4*t + 61. Let u = 164 - r. What is the units digit of u?
1
Let c = 30 + 27. Suppose -95 - c = -2*i. What is the units digit of i?
6
Let g = -647 + 1503. Suppose f = -r + 210, r + g = 5*r - 4*f. What is the tens digit of r?
1
Suppose 8*u - 1940 - 2236 = 0. Suppose 3*q + u = 9*q. What is the units digit of q?
7
Let k(g) = -2 + 2*g - 1 - 6 + 2. Let d be 10 + 0/(-1) + 1. What is the units digit of k(d)?
5
Suppose 16 + 3 = -s. Let c be 315/27*(-1 - 2). Let v = s - c. What is the units digit of v?
6
Suppose 0 = -y - 0*y + 2. Let z = 507 - 505. Suppose -y*s + 160 = z*s. What is the units digit of s?
0
Suppose 22 = 4*b - s, -5 - 3 = -2*b + 2*s. Suppose -2*x - 4*l + 32 = 0, x = -5*l - 3 + 25. Suppose -y - b = -x. What is the units digit of y?
6
What is the tens digit of 74/(((-140)/(-132) - -5) + -6)?
2
Let b = 81 + -82. What is the tens digit of (3 - -39)*-3*b/2?
6
Suppose -248 = -13*n + 12*n. Suppose -286 - n = -6*q. What is the units digit of q?
9
Suppose 2*u + 270 = -2*l - 3*l, 216 = -4*l - 2*u. Let k = l - -124. What is the tens digit of 444/14 - (-20)/k?
3
What is the units digit of (-1)/3 + (1 - (-28)/12)?
3
Let n(u) = -11 - 31*u + 15 + 14. What is the hundreds digit of n(-3)?
1
Suppose -2*c + 8*c = 3150. What is the units digit of c?
5
Suppose 0 = 3*q + c - 2536, 4*q - c = 5*q - 846. What is the units digit of q?
5
Let a(o) = 23*o + 25. Let k be a(16). Let h = k + -247. What is the tens digit of h?
4
Suppose -300 = 3*t - 5*t - 4*x, 5*t - 750 = -3*x. What is the units digit of t?
0
Let g = -19 + 126. What is the tens digit of g?
0
Let c(l) = 4 - 3*l**3 + l**2 - 5 + 2. Suppose -5*f + 5*x - 9 - 16 = 0, -5*f + 4*x = 22. What is the units digit of c(f)?
9
Let g(y) = -y - 3. Let p be g(-13). Let a be (-4)/p + (-3220)/(-50). Suppose 0*k + 3*z + a = 4*k, 0 = -2*z. What is the units digit of k?
6
Let j(k) = -k**2 - 9*k. Let q be j(-5). Let b(u) = -3 - 2*u + u - q*u + 2. What is the units digit of b(-1)?
0
Let p(u) = -u**2 - 8*u - 4. Let j(m) = -2*m**2 - 7*m - 4. Let d(a) = -2*j(a) + 3*p(a). Let w be d(8). What is the units digit of w/2*4/(-5)?
8
Suppose 8 + 7 = 5*f. Let n(s) = -2 + s + 2 - 2 - f. What is the units digit of n(7)?
2
Let o = -3 - 3. Let u(t) = -26*t - 19. What is the tens digit of u(o)?
3
Suppose m - 3*u = -2 + 10, 0 = -5*m + 2*u - 12. What is the units digit of -2 - ((-5 - m) + -62)?
1
Let k(l) = -20*l**2 - 3*l + 1. Let q be k(3). Let a = -132 - q. What is the units digit of a?
6
Let w = 843 + -387. What is the hundreds digit of w?
4
Let a = 72 + -66. Suppose -196 + a = -2*h. What is the units digit of h?
5
Let p(k) = 35*k + 53. What is the hundreds digit of p(6)?
2
Let q = -1092 + 3329. What is the thousands digit of q?
2
Suppose -8*n + 15 = -3*n. Suppose p = n*p. Suppose p = -3*h + 8*h - 45. What is the units digit of h?
9
Let v = -25 - -35. Suppose -n + v = i, -2*n = -4*i - 0 + 10. Suppose 0 = -i*l + l + 20. What is the units digit of l?
5
Let z(l) = -2*l - 7. Let m be (2 + 13)/(6/(-4)). Let g be z(m). Suppose 3*r = 11 + g. What is the units digit of r?
8
Let d(b) = -b - 1. Let m(o) = 6*o**2 - 2*o - 1. Let u be m(-1). Let c = 2 - u. What is the units digit of d(c)?
4
Let w(u) = -u**2 + 16*u + 5. Let p be w(16). Suppose 2*b + p*z = b + 7, 2*z = b - 14. What is the tens digit of b?
1
Let u(y) = y. Let r be u(4). Suppose -3*a - 84 = -5*a - z, -r*a + 5*z = -154. What is the units digit of a?
1
Suppose -2*j + 849 - 193 = 5*d, -2*j = 2*d - 266. What is the tens digit of d?
3
Suppose -3*y = k - 7, 3*k = 12*y - 7*y + 7. Suppose 0 = 2*i + 4*z - 260, -5*z + 2*z - 553 = -k*i. What is the hundreds digit of i?
1
Suppose 5*i + 4705 = 5*h, -10*h - 1876 = -12*h + 5*i. What is the tens digit of h?
4
Let w be (-78)/(-9) - 2/(-6). Let t = w - 7. Suppose -n - 38 - 7 = -3*d, 2*d - 38 = -t*n. What is the tens digit of d?
1
Suppose -3*i + 6*i - 1599 = 0. Let b be i/9 - (-12)/(-54). Suppose -n + 2*g + b = -0*g, 5*n + 5*g - 220 = 0. What is the units digit of n?
9
What is the thousands digit of (-19 + 7)*604/(-6)?
1
Let j(w) = w**3 + 27*w**2 - 8*w + 41. What is the units digit of j(-15)?
1
Let m(w) = 38*w**2 - 3*w + 8. What is the tens digit of m(-4)?
2
Suppose 11*q - 12 = 12*q. What is the tens digit of (q/2)/(5/(-25))?
3
Let c = -957 + 1689. What is the hundreds digit of c?
7
Let g(n) = 11*n + 17. Suppose i - 4 = -1. What is the tens digit of g(i)?
5
Suppose 33*a = 874 - 148. What is the tens digit of a?
2
Let h = 358 + 83. What is the tens digit of h?
4
What is the units digit of 8/16 + 36/8?
5
Let i(r) be the second derivative of 2*r**3 + r**2/2 + 2*r. Let v be i(-1). Let t(y) = -y - 9. What is the units digit of t(v)?
2
Suppose -5*o + o = -432. What is the tens digit of 24/o - (-97)/9?
1
Suppose 4*w - 5*t = -87, t + 59 = -3*w + 6*t. Let z be 14/w*(-3 - 1). What is the units digit of (30 - z)/(-3 + 5)?
4
Let c be 1 + -1 + 4/2. Suppose 4*p - b - 45 = 0, 28 = 4*p - 3*b - 27. Suppose -c*r + 1 = 5, 2*u - 2*r - p = 0. What is the units digit of u?
3
Let p be 1 + 6/(-2 + 5). Suppose -5*t + p*j + 4 = -257, -2*t - j + 100 = 0. What is the tens digit of t?
5
Let l(g) be the first derivative of -1/4*g**4 + 2 + 7*g - 5*g**2 + 3*g**3. What is the tens digit of l(6)?
5
Let k = 4 + 1. Suppose -160 = k*q + 3*w, -4*w + w = 15. What is the units digit of (6 - 3)*q/(-3)?
9
Let x = 119 - 114. Suppose -4*z = x*u - 1051, -u + 117 = 2*z - 92. What is the tens digit of u?
1
Suppose 24*p + 320 = 34*p. Suppose -5*f + 0*f = 25. Let o = f + p. What is the units digit of o?
7
Let b(a) be the third derivative of a**6/120 - a**5/6 + 17*a**3/6 - 7*a**2. Let j be b(8). What is the tens digit of j/(-2)*(-6)/(-9)?
3
Suppose a - 5*z = 2*a + 7, -3*a + 2*z + 13 = 0. Suppose 42 = 5*u - a. What is the units digit of u?
9
Let k(x) = -6*x + 13. Let a be (40/(-25))/(1/5). What is the units digit of k(a)?
1
Suppose 0 = r + 3*m - 36, -r + 2*m - m = -20. Let u(a) = -a**3 - 9*a**2 - 9*a - 2. Let t be u(-8). Suppose r = -t*